+ 99/6)*26/w?
11, 13
Suppose -2*m = 4*p - p + 9328, -3*p + 5*m = 9335. Let i = 4384 + p. Suppose -9*j + i = -2*j. What are the prime factors of j?
2, 7, 13
Suppose -3*f + 60121 = -5*t, -2*t = -4*f - 44617 + 124783. List the prime factors of f.
2, 11, 911
Let a = -6245 + 11861. Suppose 0 = 15*l - 6*l - a. List the prime factors of l.
2, 3, 13
Suppose -404*i - 39174 - 3650 = 0. Let m = -100 - -45. Let u = m - i. List the prime factors of u.
3, 17
Let g(t) = t**3 - 8*t**2 + 16*t - 26. Let j be g(6). List the prime factors of 1250/5 + -2 + 0/j.
2, 31
Let m(h) = -4*h**2 + 7*h + 8. Let x be m(-1). Let d be -1 + x + 4 + 4. Suppose -w + 5*p + 233 = 0, -331 = -d*w - 2*p + 491. List the prime factors of w.
2, 13
Let r(l) = l**3 + 12*l**2 - 219*l + 126. List the prime factors of r(24).
2, 3, 17
Suppose -4*g + 2*g - 4 = 0. Let q be (1 + (0 - 8))/(g/10). What are the prime factors of ((-2)/6)/((-3)/27)*q?
3, 5, 7
Let m(g) = -10*g + 66. Let s be m(7). What are the prime factors of (1 + (-6)/s)*(-7380)/(-75)?
2, 3, 41
Let i(d) = 3*d**2 + 105*d + 139. List the prime factors of i(-43).
1171
Let j = 74695 + -45093. List the prime factors of j.
2, 19, 41
Let u = -113 - -118. Suppose u*h + 31 = 156. Suppose -h*p + 17*p = -1816. List the prime factors of p.
227
Let q be -4 + (-6 + 2)*-7. Suppose -a + q + 24 = 0. What are the prime factors of ((-6)/(-8))/(12/a)?
3
Suppose -10 = -5*y, -5*k = -2*y - 308 - 63. Let z = k - -33. List the prime factors of z.
2, 3
Suppose 2 = 4*b - 2*z, -2*b - 1 - 1 = -4*z. Let r be -4*((b - -2) + 30/(-8)). Suppose 5*s + r*h = 88, 4*h = -4*s + 2*h + 70. List the prime factors of s.
17
Suppose -o + 170 - 158 = 0. Suppose 153 + 2007 = o*h. List the prime factors of h.
2, 3, 5
Suppose -2*b + 4*i = -39659 - 59239, 4*b = 13*i + 197831. List the prime factors of b.
5, 9887
Suppose p = -q - 2 + 7, q + 5*p = -11. Suppose q = -2*r - b, -3*b = r - b + 6. What are the prime factors of (-12)/r - (-32)/2?
19
Let c(f) be the first derivative of -5*f**2/2 + 281*f + 137. What are the prime factors of c(-38)?
3, 157
Let z = -303 + -167. Let y = 990 + z. What are the prime factors of y?
2, 5, 13
Suppose 11*u - 307 = 10847. Let k = -569 + u. List the prime factors of k.
5, 89
Let x(v) = -38. Let b(u) = u - 39. Let n(s) = -3*b(s) + 2*x(s). Let d be n(19). Let w(c) = c**2 + 11*c + 35. List the prime factors of w(d).
5, 23
Let g = 34872 + -24344. List the prime factors of g.
2, 7, 47
Let h be 6*(9 + -7)*2/12. Suppose z = h*z - 2. Let k(s) = 19*s**3 - 3*s**2 + s + 4. List the prime factors of k(z).
2, 73
Suppose -13*o - 1801351 = -46*o + 153701. List the prime factors of o.
2, 3, 4937
Suppose 0 = -2*s - 6 - 10. Suppose -3*d - 3*d = -168. List the prime factors of s/d - 1/7*-632.
2, 3, 5
Let h(l) = 5*l**3 + 8*l**2 + 332*l + 117. List the prime factors of h(18).
3, 5, 29
Suppose -170575 = -63*i + 1658819. List the prime factors of i.
2, 14519
Let n = 60426 + -29232. List the prime factors of n.
2, 3, 1733
Let d(b) = 3 + 3 - 36*b - 5. Let j = 405 + -406. What are the prime factors of d(j)?
37
Let z(d) = -267*d + 2296. What are the prime factors of z(-43)?
23, 599
Suppose 0*s - 1 = -3*b - 2*s, 5*b - 2*s = 23. Suppose -700 - 935 = -b*u. What are the prime factors of u?
5, 109
Suppose -f + c = 3*f - 30023, -3*f = 9*c - 22488. List the prime factors of f.
5, 19, 79
Let k(l) = -26 - 8*l + 8*l - l + 77. What are the prime factors of k(-12)?
3, 7
Suppose -4*u + 616 = -18*u. Let l = u - -78. List the prime factors of l.
2, 17
Let f = 4 - 2. Suppose 0 = 6*m - f*m + 2*n + 4510, 5*n = m + 1100. List the prime factors of (2 - (-4)/(-10))*m/(-18).
2, 5
Suppose 30 = -51*v + 49*v. What are the prime factors of (14 - 49)/((-12)/v + -1)?
5, 7
Suppose 4*r + 211 = 2*q - 159, -925 = -5*q - 5*r. Suppose 55 = d - q. List the prime factors of d.
2, 3, 5
Let c = 23 + -44. Let o be (-15)/20 + (-870)/(-8). Let n = o + c. What are the prime factors of n?
3, 29
Let p = 27559 + -11038. What are the prime factors of p?
3, 5507
Suppose -6*y = -2*y - 3*n - 5, 0 = -3*y + 4*n + 9. Let t be (y - -6)*(8 + -7). List the prime factors of (-3)/(t/(-270)*3).
2, 3
Suppose 10*w - 105162 = 301094 + 28934. What are the prime factors of w?
7, 6217
Let o = -4662 + 8073. Let u = o - 2125. What are the prime factors of u?
2, 643
Suppose -4*f - 4*t - 7 = 165, 5*f + 220 = -4*t. Let m be ((-39808)/f)/(2 + (-8)/6). Suppose 5*d = m - 419. What are the prime factors of d?
3, 5, 11
List the prime factors of 2906 - (-2 - (-3)/2*16/24).
3, 17, 19
Let a(j) be the third derivative of j**5/15 + j**4/24 - 19*j**3/2 - 38*j**2. What are the prime factors of a(-9)?
2, 3, 43
Let m(o) = -o**3 - 4*o**2 + 3*o - 4. Let g be m(-5). Suppose t + 0*d + 3 = d, 2*d = g. Suppose -2*a - 2*x = -t*x - 98, 0 = -x + 1. List the prime factors of a.
2, 3
Suppose 0 = -6*z + 49191 + 92523. What are the prime factors of z?
3, 7873
Let g = -60679 - -95526. List the prime factors of g.
34847
Suppose 2*s - 5322 = 4*c, -13*c = -s + 746 + 1970. What are the prime factors of s?
11, 241
Let v(k) be the third derivative of k**6/24 + 2*k**5/15 - 13*k**4/24 + 2*k**3 - 31*k**2 - k. What are the prime factors of v(5)?
2, 193
Let f = -3360 - -3840. List the prime factors of f.
2, 3, 5
Suppose 0 = -600*m + 582*m + 75816. What are the prime factors of m?
2, 3, 13
Suppose 144*c - 135*c - 50652 = 0. List the prime factors of c.
2, 3, 7, 67
Let w(o) = -7*o - 2. Let f be w(0). Let i be f - -4 - 0 - (5 - 13). List the prime factors of 1495/25 - -3 - (-2)/i.
3, 7
Let n be 495/(-6)*(1 + -3). Let l be (22/3)/((-1330)/n - -8). Let c = l + 298. List the prime factors of c.
3, 59
Let c(i) = i**3 + 8*i**2 + 3*i + 29. Let r be c(-8). Suppose -6*w + r*u = -3*w - 2969, 2011 = 2*w + 3*u. List the prime factors of w.
2, 499
Suppose 3*k = -w - 0*k + 11, 3*w - 3*k - 45 = 0. Suppose -w*p = -6*p - 4488. What are the prime factors of p?
3, 11, 17
Suppose -30*k + 292 = 22. Let f(s) = 2*s**2 + 13*s + 9. List the prime factors of f(k).
2, 3
Suppose 122 = v - 200. Let o = v + 99. Suppose 4*j = 431 + o. List the prime factors of j.
3, 71
Let g(l) = 3 - 1 + 155*l + l**2 + 13 - 170*l. What are the prime factors of g(18)?
3, 23
What are the prime factors of -2 + (-18)/(-5) + 5*14554/50?
31, 47
Let c be 0 - (-4 + 424 - -4). What are the prime factors of (0 - c) + 66/(-11)?
2, 11, 19
List the prime factors of (-1)/((-8)/(-4668))*(-308)/66.
7, 389
List the prime factors of 233255/15 + (-69)/207.
2, 5, 311
Suppose 2*q + 130667 = 3*d + 33366, q = -2*d + 64858. What are the prime factors of d?
7, 41, 113
Suppose 137*o = 153*o. Let b(q) = 129 - 26 + 0*q + 2*q. What are the prime factors of b(o)?
103
Suppose -x + 5890 = 5*p, -6*p = 3*x - 3*p - 17670. What are the prime factors of x?
2, 5, 19, 31
Let r(p) = -2*p**3 + 2*p**2 + 2*p + 2. Let z be r(3). Let m be 0 + (-7)/(z/40). Suppose 29 = f - 5*j - m, 4*j - 195 = -5*f. List the prime factors of f.
3, 13
Let r(k) = -2*k + k - 15*k**2 - 3 + 14*k**2 - 16*k. Let g be r(-5). Suppose -v = -5*n - 8 + g, -2*n = -4*v - 16. List the prime factors of n.
2, 5
Let m(q) = 10*q**2 + 52. Let k be m(-8). Suppose -4*s - 3*v = -2*v - 716, -4*s = -5*v - k. List the prime factors of s.
2, 89
Suppose 20 = -5*i, l - 4*l + 5*i + 5699 = 0. Suppose 7*k + 192 = l. What are the prime factors of k?
3
List the prime factors of 16167*(2 - (-70)/(-42)).
17, 317
Let s = 12511 + -6192. What are the prime factors of s?
71, 89
Let g = 50936 + -25512. What are the prime factors of g?
2, 7, 227
Suppose -n - 4 = -2*h, 3*n - 32 = -0*h - 5*h. Let p be n/1 - 3*(-4)/12. Suppose -k - 3*a + 129 = 0, -p*k - 4*a + 697 = -2*a. What are the prime factors of k?
3, 47
Let k = 1150 - 83. Let b = -776 + k. List the prime factors of b.
3, 97
Let h be (-1)/(-1) + 1/(-1)*-2. Suppose -7*v + 2*v = -25, h*v + 1445 = 5*z. What are the prime factors of z?
2, 73
Let y be 1*(-4 + 8)/((-12)/(-57)). What are the prime factors of 10/95 - (-1062)/y?
2, 7
Let m(q) = -90*q - 15. Suppose -8*u + 18 = -10*u. Let s(i) = 45*i + 8. Let l(a) = u*s(a) - 4*m(a). What are the prime factors of l(-6)?
2, 3, 43
Let i(j) = 84*j - 2. Let p be -1 + 9 + -9 + 3. What are the prime factors of i(p)?
2, 83
Let h(s) = 57*s + 164. Let m be h(0). Suppose 0 = w + 4*w - 10. Suppose -w*u + m = 2*u. What are the prime factors of u?
41
Let c b